e the highest common factor of 46 and h.
2
Let f(n) = 2*n**3 + 13*n**2 + 5*n - 11. Let i be f(-6). Let s be (-12)/(-16)*(-100)/i. Calculate the highest common divisor of 5 and s.
5
Suppose 2*q + 16 = 2*o, 2*q + o = -3 + 2. Let z = q + 29. Calculate the greatest common factor of z and 39.
13
Suppose -6 = -v - 2. Suppose -l = 4*u - 47, v*l - u - 4 = 167. Let n = 48 + l. Calculate the greatest common divisor of 13 and n.
13
Suppose 3*l - 3 = -0*w - 3*w, 0 = -5*l - w - 7. Let k be ((-3)/9)/(l/6). Let g = k + 13. What is the highest common divisor of g and 35?
7
Suppose -2*d + 2*i = -50, 0*d + 4*d - 104 = 2*i. What is the highest common factor of 837 and d?
27
Let w be (15/(-9))/(1/(-3)) + 2. Let u(x) = -x**2 + 12*x - 23. Let a be u(w). What is the greatest common divisor of 36 and a?
12
Let u(k) = -5*k + 180. Let o be u(0). Calculate the greatest common factor of 72 and o.
36
Suppose -2040 = -4*u - 3*j, -2*j - 70 = -2*u + 964. Calculate the greatest common factor of 27 and u.
27
Let t = -142 - -144. Calculate the greatest common factor of 50 and t.
2
Suppose 218 = b + z, 4*b + 2*z = -3*z + 869. Calculate the greatest common divisor of 34 and b.
17
Let t(u) = 4*u + 13. Let h be t(5). Let a be h/12 - (-5)/20. Suppose -n - 2*z + 283 = 0, 1120 = 4*n + 2*z + a*z. What is the highest common factor of n and 25?
25
Suppose 0 = 2*z - z - 204. Suppose -43 = -3*m - 7. What is the highest common divisor of z and m?
12
Suppose i = -4*j - 3*i + 16, 3*i + 3 = 0. Let x = -12 - -21. Let q be 5/2*(3 + x). What is the greatest common divisor of q and j?
5
Let o(p) = -96*p - 930. Let q be o(-15). Calculate the highest common factor of 240 and q.
30
Suppose 5*a = 3*a + 60. Calculate the greatest common divisor of 50 and a.
10
Let a(n) = -n**3 - 8*n**2 + 4*n - 7. Let z be a(-9). Let j = -29 + z. What is the highest common factor of j and 63?
9
Suppose 50*r - 26609 = 39*r. Calculate the highest common divisor of r and 59.
59
Let u = 14 - 1. Suppose 2*s + 5*g = g + 22, 3*s = -4*g + 25. Suppose -4*x - 160 = -3*v, s*v - 46 - 107 = -3*x. Calculate the highest common factor of v and u.
13
Let o be 4202/132 - 1/(-6). Suppose m + 0*m + p = 7, 2*p - o = -5*m. Calculate the greatest common factor of m and 9.
3
Suppose 0 = -14*w + 13*w - 14. Let u be (-1822)/w - -2 - 10/70. What is the greatest common divisor of 12 and u?
12
Suppose 0 = 3*x - 5*d - 66, -7*d - 44 = -2*x - 3*d. Calculate the highest common factor of 22 and x.
22
Suppose 0 = 45*q - 43*q - 2. Suppose -3*x = -91 + q. Suppose 2*w - 98 = 2*v, -w - 2*w + 2*v + 143 = 0. What is the highest common divisor of w and x?
15
Suppose -349 = -r + q, -6*r + 7*r - 343 = 3*q. Calculate the greatest common factor of r and 64.
32
Suppose -13*x + 15437 = 5128. What is the highest common factor of x and 61?
61
Suppose y + 4*d - 274 = 7*d, -2*d = -2*y + 564. What is the greatest common divisor of y and 52?
26
Let p(g) = -38*g - 498. Let o be p(-21). What is the highest common factor of 75 and o?
75
Let r be (-3 + (-2)/(-8))/((-12)/192). Calculate the highest common divisor of r and 209.
11
Let f(h) = 11*h**2 - 3*h + 1. Let l be f(3). What is the highest common factor of l and 21?
7
Let c(g) = -3*g**2 + 36*g + 7. Suppose 2*q + 6*q - 96 = 0. Let x be c(q). Calculate the greatest common divisor of x and 49.
7
Suppose f = 5*x + 6 + 20, 0 = -f - 4*x - 1. Suppose 0 = 4*i - 2*z - 216, 5*z - 202 = -3*i - 27. What is the greatest common divisor of i and f?
11
Suppose 11880 = -3*z + 15*z. Suppose 6*j + z = 15*j. Calculate the highest common factor of 10 and j.
10
Let w be (-1 - (-20)/12)*-12. Let i be 4/3*(-12)/w. Suppose -i*x + 15 = 7. Calculate the greatest common divisor of x and 16.
4
Let j be 1*(-1 + 4 + 0). Let w = -262 - -265. Suppose -179 = -5*r + 4*g, -2*r - w*r = j*g - 172. Calculate the greatest common divisor of r and 7.
7
Suppose 3 = v + 5. Let h = v - -6. Suppose -308 + 116 = -h*m. Calculate the greatest common divisor of 12 and m.
12
Let h = -10 - -10. Suppose h*u - 3*u = -9, -5*u = 4*f - 19. Suppose f = -g + 15. Calculate the greatest common factor of g and 70.
14
Let k = 3 - -11. Suppose 0 = -1018*d + 1003*d + 1050. What is the greatest common factor of k and d?
14
Suppose 16671 = 74*m - 9229. Calculate the greatest common factor of m and 28.
14
Let i = -290 - -698. Suppose 3*p = 54 + i. What is the highest common divisor of 14 and p?
14
Let v be (7/3)/((-8)/(-216)). Let f be v*2/(-4)*(-260)/30. What is the highest common factor of f and 39?
39
Let t(c) = c**2 - 31*c + 129. Let a be t(29). Calculate the highest common divisor of a and 1136.
71
Let y(j) = -2*j**3 + 15*j**2 + 8*j + 14. Let d be y(8). What is the highest common factor of d and 21?
7
Let v(a) = 2*a + 6. Let i = 23 - 16. Let g be v(i). Suppose 3*p = 64 + g. What is the greatest common factor of p and 28?
28
Let z = -6 - -30. Suppose 8*n - z = 24. Calculate the greatest common divisor of n and 4.
2
Suppose 2*d + 2*d - x = 23, -4*d + 2*x = -22. Let j be (-73)/(-2) - d/4. What is the highest common factor of 7 and j?
7
Let h be 24/(-30)*(-60)/8. What is the greatest common divisor of h and 138?
6
Let j = -885 + 983. Let t = -1 - -5. Let x = 18 - t. What is the greatest common factor of x and j?
14
Let w(t) = 23*t + 16. Let b be w(2). What is the greatest common factor of 1426 and b?
62
Let r be (15/35 - 78/(-14))*3. Calculate the greatest common factor of 9 and r.
9
Let i(j) = j**3 + j + 12. Let p be i(3). Calculate the highest common factor of p and 168.
42
Suppose -4*z - 4 = -0, 4*p = z + 145. Let t(q) = -27*q - 2. Let o be t(1). Let g = 61 - o. What is the greatest common divisor of p and g?
18
Suppose -9 = -0*s - 3*s. Suppose s*w + 95 = 2*k + 4*w, 5*k + 5*w - 250 = 0. What is the greatest common divisor of 18 and k?
9
Let j = 1395 + 1107. Calculate the highest common factor of 36 and j.
18
Let f = 167 - -75. Suppose u + u - 5*j = f, -5*u + 2*j = -605. Calculate the greatest common factor of 11 and u.
11
Suppose 0 = 66*z - 69*z + 57. Suppose -4*w = -w + 5*a - 280, 4*a = -5*w + 471. What is the greatest common factor of w and z?
19
Let d be 18/36*(-1 + 0)*-18. Calculate the greatest common factor of 24 and d.
3
Suppose 2*b - 7*b = -10, n - 25 = -5*b. Let v be (-273)/(-5) - (-6)/n. Let f be 1*3 + 49/7 + 1. Calculate the highest common factor of f and v.
11
Let l(d) be the first derivative of d**3/3 - 3*d**2/2 - 4*d + 10. Let k be l(-4). Calculate the highest common factor of k and 6.
6
Let c(o) = o**3 + 9*o**2 + 12*o - 7. Let u be c(-6). Calculate the highest common divisor of 58 and u.
29
Let r = 1896 + -1356. Calculate the highest common factor of 297 and r.
27
Let u(x) = x - 3. Let q be u(5). Suppose -5*i - 95 = -5*b, 0 = 2*i - q - 0. Suppose -b = 3*w - 7*w. What is the highest common factor of w and 1?
1
Suppose 4*m = 5*z + 69, 3*m + 35*z - 69 = 33*z. What is the highest common factor of m and 112?
7
Suppose 0 = r + 5*d - 21, 14 + 27 = 3*r + 4*d. Suppose 5*v + 4*m = 67, 5*m - 58 = -3*v - 10. What is the greatest common factor of r and v?
11
Let t(f) = -79*f + 280. Let q be t(3). Let n(s) = 6*s**2 + 2*s - 5. Let p be n(-3). Calculate the greatest common factor of q and p.
43
Suppose -2*a - 6 = -5*a. Let k be 2/a*(6 + -9) + 91. Calculate the greatest common divisor of k and 22.
22
Suppose 64 + 66 = 13*g. What is the highest common divisor of g and 20?
10
Let i = -498 - -538. Suppose 5*x - 220 = 80. Calculate the highest common divisor of x and i.
20
Let u = 160 + -155. Suppose 936 = 4*a + 4*s, 9*a + 5*s - 936 = u*a. What is the highest common divisor of 26 and a?
26
Let y be 2 + 4 - (-12)/(-6) - -396. What is the highest common factor of y and 50?
50
Let m be (-170 + (-7 - -5))*4/(-4). What is the highest common factor of m and 129?
43
Suppose -821 + 881 = 10*i. What is the highest common divisor of i and 1716?
6
Let k(p) = p**2 + 3*p - 6. Let h(l) = -l**2 - 7*l - 6. Let x be h(-4). Let v be k(x). Let m = -5 - -21. What is the greatest common factor of m and v?
16
Let c be (-1)/(-3 - (1 + (-1486)/372)). Suppose 5*w - c = 364. Calculate the highest common factor of w and 10.
10
Suppose -n = -4*n - w - 1536, 0 = -2*n + w - 1024. Let z = n - -719. Suppose -4*c + 5 = -87. Calculate the highest common factor of c and z.
23
Suppose -2 = 2*f - 0, -3*r = -f - 1. Let i(g) 